x(8) is divided by -2*11*(-2)/4.
8
Suppose -r = -11 - 7. What is the remainder when 89 is divided by r?
17
Suppose 5 + 3 = -4*y. Let x(g) = -2 - g + 1 - 11*g + g. Calculate the remainder when 61 is divided by x(y).
19
Let b be ((-32)/(-40))/(2/(-5)). Let m(x) = -26*x + 1. Suppose 5*p = -t + 3*t - 31, 0 = -3*t + 5*p + 49. What is the remainder when m(b) is divided by t?
17
Let w be 3 + (-2)/(8/84). Let z = w + 23. What is the remainder when 24 is divided by z?
4
Suppose 0 = -3*k - 0*k + 48. Calculate the remainder when k is divided by 0 - 1 - (-9 - 1).
7
Let j(i) = -i**3 - 11*i**2 - 10*i + 6. What is the remainder when j(-10) is divided by 1?
0
Suppose 6*b - 40 = 2. Calculate the remainder when 13 is divided by b.
6
Let g = 3 + -6. Let i = -5 - g. Calculate the remainder when (-24)/((-3)/(i + 5)) is divided by 13.
11
Let u = -145 + 150. What is the remainder when 59 is divided by u?
4
Let z be (2/(-4))/(2/4). Suppose 0 = -4*v + 20, 0 = 3*y + 3*v - 0*v - 54. What is the remainder when 26 + (z + 2)*-1 is divided by y?
12
Let a(c) = -3*c - 8. Calculate the remainder when 26 is divided by a(-5).
5
Suppose -4*l + 231 = 3*o, -93 = -0*l - 2*l + 3*o. What is the remainder when l is divided by 19?
16
Let w(b) = -15*b + 1. Let y be w(-1). Suppose -2*g + 2*j + y = 0, 2 = -g - 4*j + 3*j. What is the remainder when 11 is divided by g?
2
Suppose -5*j = -3*v + 22, 1 = 4*j - 3. Calculate the remainder when v is divided by 3.
0
Let u be 252/(-24)*8/(-6). Calculate the remainder when (-10)/35 - (-522)/u is divided by 13.
11
Suppose 7*v = 13*v - 132. Let b(y) = -y**2 + 4*y + 1. Let q be b(3). Calculate the remainder when 8*q*1*2 is divided by v.
20
Suppose 4*j = -4*v + 36, -j + 3*v + 9 = v. Let w(d) = 2*d**2 + 3*d + 6. Calculate the remainder when w(-4) is divided by j.
8
Let w = -2 - -22. Let g = -6 + 13. What is the remainder when w is divided by g?
6
Let z(j) = j**2 + 6*j + 5. Let o be z(-5). Suppose o*c - 3*c = -78. What is the remainder when c is divided by 9?
8
Suppose -60 = -5*k - 0*k. Suppose 68 = 5*t - k. Let x = -8 + t. What is the remainder when 21 is divided by x?
5
Suppose 0 = 4*o - 2*m - 2 + 12, -2*m - 10 = 0. Let w(g) = g + 6. Let s be w(o). What is the remainder when 12 is divided by 28/(-4)*(-1)/s?
5
Suppose 2*n - 4 = 3*n + 3*p, 0 = -3*n - 5*p. Suppose 5*r = 3*u - 22 - 0, -10 = n*r. Suppose -u*o + 90 = -14. Calculate the remainder when o is divided by 14.
12
Let n(j) = -4*j - 1. Calculate the remainder when 6*(4/6)/1 is divided by n(-1).
1
Suppose -3*s = 15, -3*c + 0*s = 3*s - 24. Calculate the remainder when 128 is divided by c.
11
Let i = -98 + 68. Let k = i - -47. What is the remainder when 31 is divided by k?
14
Let r(s) be the first derivative of s**4/4 - s**2/2 + 37*s + 1. Suppose n = 3, -5*d + 2*n = n + 3. What is the remainder when r(d) is divided by 13?
11
Let b = -13 - -62. What is the remainder when b is divided by 10?
9
Calculate the remainder when 39 is divided by (14/2 - -1)/((-52)/(-130)).
19
Let d(u) = -2*u. Calculate the remainder when 106 is divided by d(-9).
16
Let q(i) = i**3 - 11*i**2 - 12*i - 3. Let u be q(12). What is the remainder when 35 is divided by 20 - 2/(u/(-3))?
17
Let v(s) = -2*s - 2. Let z be v(-4). What is the remainder when (-1 - z/3) + 10 is divided by 3?
1
Let y = -177 + 220. What is the remainder when 255 is divided by y?
40
Let w = -166 + 262. Calculate the remainder when w is divided by 25.
21
Let u = 58 + -98. Let d be ((-72)/(-15))/((-3)/u). Suppose 0 = 4*c - 2*m - 68, 4*c - d = -0*c + 4*m. Calculate the remainder when 52 is divided by c.
16
Suppose -4*f + q = -2*q - 21, -56 = -4*f - 4*q. Calculate the remainder when 23 is divided by f.
5
Let t = 292 - 59. What is the remainder when t is divided by 60?
53
Suppose -39 + 182 = 11*u. What is the remainder when 46 is divided by u?
7
Let d(r) = -17*r + 19*r + 9 + 8. Calculate the remainder when d(12) is divided by 11.
8
Suppose -5*k + 412 = 127. Calculate the remainder when k is divided by 15.
12
Suppose 1 + 8 = v. Let y = 27 + 7. What is the remainder when y is divided by v?
7
Let n be (1/1 - 1)/(-2). Suppose 4*h - 56 - 116 = n. Calculate the remainder when h is divided by 11.
10
Let s(c) = 61*c**2 + 2*c + 2. Suppose 0 = 2*m - 43 + 11. What is the remainder when s(-1) is divided by m?
13
What is the remainder when 7/(-2) + 3 - 716/(-8) is divided by 24?
17
Let w = -32 - -55. Let y(f) = 4*f**2 - f. Calculate the remainder when 1/3 + w/3 is divided by y(-1).
3
Let w be (10/(-25))/((-1)/10). Suppose 24 = 3*k + 3*u, -3*u - w = -u. What is the remainder when 27 is divided by k?
7
Let o = 93 - 60. What is the remainder when 63 is divided by o?
30
Suppose -4*r - 9 = -7*r. Suppose 3*w - 3*p = 3, 0 = 5*w + 3*p + 2*p + 25. Calculate the remainder when 4/6*(-15)/w is divided by r.
2
Let z(j) = -4*j - 5. Let d(b) = b**3 - 6*b**2 + 6*b + 2. What is the remainder when z(-8) is divided by d(5)?
6
Suppose 5*v - 551 = -14*v. What is the remainder when v is divided by 9?
2
Let l = 7 - 10. Let r = l + 6. Suppose 3*i - 19 = -6*u + 2*u, 13 = 2*i + r*u. What is the remainder when i is divided by 4?
1
Calculate the remainder when 1/2*(-9 - -165) is divided by 21.
15
Suppose 3*m - 10 = -4. Let o(b) = 2*b**2 - 9*b + 3. Calculate the remainder when o(6) is divided by 11 + m + -1*2.
10
Suppose 2*r = 2 + 4. Suppose -u - 6 = -25. Calculate the remainder when u is divided by r/(-1)*-1 + 7.
9
Suppose 0 = 4*k + 18 - 2, -11 = 3*z - 4*k. Let c be 2*1/(-2)*1. Let f = c - z. Calculate the remainder when 15 is divided by f.
7
Suppose 5*f - 284 = 4*z - 2*z, z = -f + 61. Suppose 0 = r - 4, -3*u - 2*r = r - 72. What is the remainder when f is divided by u?
18
Let g = -4 + 14. Let m(p) = 3*p - 18. Calculate the remainder when 45 is divided by m(g).
9
Let r = 40 - 28. Suppose -a + 5*a - r = 0. Suppose 3*y - 12 = -4*l, 5*l + 3 = 6*l - a*y. What is the remainder when 5 is divided by l?
2
Suppose 2*o - 3 - 3 = 0. Suppose -o*x = -72 - 78. Suppose 4*f - 65 = 5*s - 10*s, -4*f + 31 = 3*s. What is the remainder when x is divided by s?
16
Suppose 6*w = 9*w - 246. What is the remainder when w is divided by 12?
10
Suppose -3*d + 7*d - 53 = -5*i, -d = -4*i - 8. What is the remainder when 34 is divided by d?
10
Let z(i) = -12*i - 6. What is the remainder when z(-12) is divided by 1/(-3) - (-106)/3?
33
Let z(g) = -11*g**2 + 22*g + 13. Let u(p) = -5*p**2 + 11*p + 6. Let y(m) = 9*u(m) - 4*z(m). Let d = 1 + 10. What is the remainder when y(5) is divided by d?
10
Let j(s) = -3*s - 9. Calculate the remainder when 2 + 8 + -2 + 2 is divided by j(-5).
4
Let q(j) = -4 + 0*j - 2*j - j. Let a be q(8). Calculate the remainder when (-2 - a)/2 - 2 is divided by 4.
3
Suppose -6*q = -q. Let o = q + 22. Suppose 4*n + n - 60 = 0. What is the remainder when o is divided by n?
10
Let p(s) = -s**3 - 7*s**2 - 6*s + 2. Let t be p(-6). Suppose -4*z = -3*c - 51, -3*z + t*c = c - 37. What is the remainder when 22 is divided by z?
10
Let z = 5 + 13. Let s(n) = n**3 - 7*n**2 + 5. Let r be 7/1 + -8 + 8. Calculate the remainder when z is divided by s(r).
3
Let q(m) = -m**3 + 9*m**2 + 9*m - 9. What is the remainder when q(4) is divided by 22?
19
Let k = 146 + -102. Let a = k + -23. What is the remainder when a is divided by 6?
3
Suppose 5*t = 2*t + 9. Suppose -2*w = t*w - 165. Calculate the remainder when w is divided by -1 + (-2 - 20/(-1)).
16
Let y = 19 + 2. Let p be (-28)/(-42)*102/4. Suppose -s = -5*i + i - y, 3*i + p = s. What is the remainder when 17 is divided by s?
2
Suppose -3*p + 77 = -k - 394, 5*p - 2*k = 786. Suppose 4*j - 5*c = 16 + 116, -p = -5*j + 4*c. Let b = j + -16. Calculate the remainder when b is divided by 7.
5
Suppose -3*p = -0*p - 2*s - 493, 2*p + 5*s - 335 = 0. Calculate the remainder when p/20 + (-1)/4 is divided by 5.
3
Let n(x) = -x**3 - 5*x**2 + 6*x + 2. Let u be n(-6). Suppose 0 = u*o - 46. What is the remainder when o is divided by ((-2)/3)/((-1)/12)?
7
Let z(m) = -m**3 + 2*m**2 + 4*m + 1. Let s be z(4). Let y = -89 + 128. Let r = y + s. What is the remainder when r is divided by 13?
11
Let z be 122/18 + (-6)/(-27). Suppose g + 0*g = 2*n + z, 3*g - 39 = -3*n. Calculate the remainder when 32 is divided by g/2*(1 - -1).
10
Let u be (-32)/6*(-24)/16. Suppose 0 = 4*q - u, 3*q = 5*t + q - 66. What is the remainder